git of 64539?
3
What is the units digit of 1885?
5
What is the units digit of 13774?
4
What is the hundreds digit of 426?
4
What is the hundreds digit of 12659?
6
What is the ten thousands digit of 54635?
5
What is the tens digit of 741?
4
What is the thousands digit of 3251?
3
What is the hundreds digit of 37686?
6
What is the hundreds digit of 367?
3
What is the units digit of 12758?
8
What is the thousands digit of 1173?
1
What is the hundreds digit of 4593?
5
What is the units digit of 6938?
8
What is the thousands digit of 17213?
7
What is the ten thousands digit of 75215?
7
What is the hundreds digit of 6307?
3
What is the tens digit of 578?
7
What is the units digit of 466?
6
What is the units digit of 155?
5
What is the thousands digit of 36639?
6
What is the thousands digit of 33002?
3
What is the tens digit of 47751?
5
What is the tens digit of 123?
2
What is the thousands digit of 1251?
1
What is the hundreds digit of 4034?
0
What is the hundreds digit of 13613?
6
What is the tens digit of 91?
9
What is the units digit of 154?
4
What is the units digit of 1089?
9
What is the hundreds digit of 6308?
3
What is the tens digit of 30274?
7
What is the hundreds digit of 748?
7
What is the thousands digit of 2130?
2
What is the hundreds digit of 1014?
0
What is the thousands digit of 29863?
9
What is the hundreds digit of 8683?
6
What is the tens digit of 11927?
2
What is the units digit of 59886?
6
What is the hundreds digit of 243?
2
What is the units digit of 32356?
6
What is the thousands digit of 12917?
2
What is the hundreds digit of 158?
1
What is the units digit of 3718?
8
What is the ten thousands digit of 40067?
4
What is the hundreds digit of 2320?
3
What is the hundreds digit of 8357?
3
What is the tens digit of 14195?
9
What is the thousands digit of 24285?
4
What is the hundreds digit of 798?
7
What is the thousands digit of 13086?
3
What is the units digit of 1543?
3
What is the units digit of 1316?
6
What is the units digit of 6718?
8
What is the units digit of 9430?
0
What is the units digit of 2184?
4
What is the ten thousands digit of 17464?
1
What is the thousands digit of 23261?
3
What is the hundreds digit of 1524?
5
What is the tens digit of 34365?
6
What is the units digit of 188117?
7
What is the tens digit of 4947?
4
What is the tens digit of 67604?
0
What is the units digit of 547?
7
What is the thousands digit of 65785?
5
What is the ten thousands digit of 26916?
2
What is the units digit of 3851?
1
What is the hundreds digit of 98470?
4
What is the tens digit of 2751?
5
What is the tens digit of 579?
7
What is the units digit of 191?
1
What is the hundreds digit of 2441?
4
What is the thousands digit of 3053?
3
What is the thousands digit of 1630?
1
What is the tens digit of 2110?
1
What is the hundreds digit of 16506?
5
What is the ten thousands digit of 34373?
3
What is the units digit of 6609?
9
What is the units digit of 18199?
9
What is the hundreds digit of 517?
5
What is the units digit of 637?
7
What is the ten thousands digit of 17986?
1
What is the thousands digit of 155413?
5
What is the tens digit of 3957?
5
What is the thousands digit of 2173?
2
What is the hundreds digit of 8300?
3
What is the tens digit of 8859?
5
What is the hundreds digit of 580?
5
What is the units digit of 6277?
7
What is the units digit of 26418?
8
What is the hundreds digit of 135292?
2
What is the units digit of 22398?
8
What is the thousands digit of 12269?
2
What is the units digit of 141?
1
What is the hundreds digit of 1826?
8
What is the hundreds digit of 61777?
7
What is the hundreds digit of 7740?
7
What is the hundreds digit of 534?
5
What is the hundreds digit of 2106?
1
What is the units digit of 4193?
3
What is the units digit of 497?
7
What is the hundreds digit of 8254?
2
What is the tens digit of 1650?
5
What is the units digit of 154?
4
What is the ten thousands digit of 22780?
2
What is the thousands digit of 1234?
1
What is the tens digit of 1248?
4
What is the units digit of 85960?
0
What is the tens digit of 4669?
6
What is the tens digit of 524?
2
What is the tens digit of 1352?
5
What is the hundreds digit of 9052?
0
What is the thousands digit of 2153?
2
What is the tens digit of 13622?
2
What is the units digit of 33?
3
What is the units digit of 92174?
4
What is the hundreds digit of 62941?
9
What is the ten thousands digit of 30078?
3
What is the units digit of 1329?
9
What is the units digit of 670?
0
What is the thousands digit of 5715?
5
What is the units digit of 6842?
2
What is the tens digit of 8267?
6
What is the units digit of 5009?
9
What is the tens digit of 100775?
7
What is the hundreds digit of 9174?
1
What is the thousands digit of 4256?
4
What is the units digit of 54565?
5
What is the units digit of 936?
6
What is the tens digit of 2355?
5
What is the thousands digit of 4359?
4
What is the tens digit of 25757?
5
What is the hundreds digit of 1476?
4
What is the hundreds digit of 41262?
2
What is the thousands digit of 14323?
4
What is the units digit of 7218?
8
What is the thousands digit of 9055?
9
What is the hundreds digit of 112?
1
What is the tens digit of 44?
4
What is the units digit of 1614?
4
What is the units digit of 203960?
0
What is the tens digit of 8185?
8
What is the tens digit of 9666?
6
What is the units digit of 4278?
8
What is the tens digit of 1079?
7
What is the thousands digit of 116010?
6
What is the units digit of 2174?
4
What is the units digit of 497?
7
What is the thousands digit of 71584?
1
What is the hundred thousands digit of 150426?
1
What is the thousands digit of 63489?
3
What is the units digit of 28390?
0
What is the ten thousands digit of 10573?
1
What is the thousands digit of 3170?
3
What is the thousands digit of 2591?
2
What is the units digit of 48?
8
What is the thousands digit of 27472?
7
What is the units digit of 31920?
0
What is the units digit of 5768?
8
What is the units digit of 2873?
3
What is the tens digit of 986?
8
What is the thousands digit of 1757?
1
What is the tens digit of 30099?
9
What is the thousands digit of 1244?
1
What is the thousands digit of 9021?
9
What is the units digit of 282?
2
What is the thousands digit of 17679?
7
What is the tens digit of 719?
1
What is the thousands digit of 131402?
1
What is the hundreds digit of 2678?
6
What is the hundreds digit of 6631?
6
What is the tens digit of 4408?
0
What is the units digit of 1982?
2
What is the hundreds digit of 30000?
0
What is the units digit of 2918?
8
What is the tens digit of 18291?
9
What is the tens digit of 11329?
2
What is the units digit of 522?
2
What is the tens digit of 954?
5
What is the hundreds digit of 1857?
8
What is the tens digit of 993?
9
What is the thousands digit of 1054?
1
What is the ten thousands digit of 92506?
9
What is the units digit of 1523?
3
What is the units digit of 14243?
3
What is the units digit of 4491?
1
What is the tens digit of 18093?
9
What is the units digit of 53?
3
What is the tens digit of 15596?
9
What is the tens digit of 26033?
3
What is the tens digit of 4452?
5
What is the units digit of 82013?
3
What is the ten thousands digit of 106741?
0
What is the units digit of 3485?
5
What is the hundreds digit of 967?
9
What is the hundreds digit of 1240?
2
What is the tens digit of 17809?
0
What is the tens digit of 9624?
2
What is the thousands digit of 2061?
2
What is the units digit of 414?
4
What is the thousands digit of 19304?
9
What is the tens digit of 850?
5
What is the units digit of 2840?
0
What is the thousands digit of 37292?
7
What is the units digit of 44388?
8
What is the ten thousands digit of 26607?
2
What is the units digit of 990?
0
What is the ten thousands digit of 31646?
3
What is the hundreds digit of 443?
4
What is the ten thousands digit of 89218?
8
What is the units digit of 17721?
1
What is the units digit of 2?
2
What is the units digit of 550?
0
What is the hundreds digit of 5115?
1
What is the tens digit of 8562?
6
What is the hundreds digit of 686?
6
What is the units digit of 95800?
0
What is the thousands digit of 25975?
5
What is the units digit of 6766?
6
What is the tens digit of 33?
3
What is the hundreds digit of 20482?
4
What is the tens digit of 21557?
5
What is the unit